 when p is divided by 10?
7
Suppose -2*f - 3*x = -1, 3*x = f + 4*x - 2. Let g = f - 2. Suppose -2*j - g*j = -60. Calculate the remainder when 45 is divided by j.
9
Suppose -5*d + 99 + 191 = 0. Calculate the remainder when 207 is divided by d.
33
Let o(f) = -29*f + 36*f + 0 - 4 - f**2 - f**3. Let z = -39 + 86. Calculate the remainder when z is divided by o(-4).
15
Let y = -334 + 355. Suppose 3*i = 4*t - 8, 4*t = t - 5*i + 35. Suppose 3*m + 0*m - 153 = -2*o, -t*m + 147 = 2*o. Calculate the remainder when o is divided by y.
18
Suppose -n - 4*u + 7*u + 108 = 0, -4*n + 446 = 2*u. Calculate the remainder when 330 is divided by n.
108
Let j = 67 + 21. Let r = 34 - 84. Let s = r + j. Calculate the remainder when s is divided by 10.
8
Calculate the remainder when 381 is divided by 22/6*9/(-21)*-7.
7
Suppose -4*u - 44*s = -47*s - 148, u + 4*s = 18. What is the remainder when 234 is divided by u?
30
What is the remainder when 35 is divided by ((-26)/(-14) - 1)*(-525)/(-45)?
5
Suppose -375 = -230*y + 215*y. Suppose 0 = -2*d - 5*q, -4*q - 12 - 1 = -d. Suppose d*i - 337 + 97 = 0. Calculate the remainder when i is divided by y.
23
Suppose -4*a + h + 381 = 0, 29*a - 460 = 24*a - 2*h. What is the remainder when a is divided by 13?
3
Let c(a) = -23*a - 162. Calculate the remainder when 461 is divided by c(-8).
21
Suppose 30 = 5*n - 2*k, -20 = -3*k + 7*k. Suppose -6 = -5*l + n*a, l - 3*a = -2 + 1. Suppose x = l*x - 53. Calculate the remainder when x is divided by 14.
11
Suppose -a - c + 5 = -1, 2*c + 8 = 0. Suppose 2*z + z = 12. Suppose 0 = z*p - 3*p - 3. Calculate the remainder when a is divided by p.
1
Suppose -50 = 3*n - 248. Suppose -3*q - 3*q + n = 0. Calculate the remainder when q is divided by 7.
4
Suppose 67*t + 238 = 81*t. What is the remainder when 441 is divided by t?
16
Calculate the remainder when 91 is divided by -30*(-81)/90*1.
10
Let m = 74 - 18. Suppose -5*r = -0*h + h - 38, 3*h = -3*r + 66. What is the remainder when m is divided by h?
2
Suppose 6*r + 66 = 3*r. Let m(y) = y**3 + 23*y**2 + 22*y + 27. Calculate the remainder when m(r) is divided by 6.
3
Suppose 0 = 2*g - 8, -72*g = -2*u - 77*g + 422. What is the remainder when u is divided by 104?
97
Suppose -5*c + 101 = -4*c. Let f = c + -60. Let r = 75 - -47. What is the remainder when r is divided by f?
40
Let m(r) = -r + 17. Let k be m(14). Suppose -130 = -k*j - 31. Calculate the remainder when 63 is divided by j.
30
Suppose -280 = -5*q - 5*f, 0 = -f - 5. Calculate the remainder when q is divided by -108 - -136 - ((0 - -9) + -2).
19
Let p = 181 + -2. What is the remainder when p is divided by 9?
8
Suppose -2*z + 24 = -4*k + 322, -2*z = 2*k - 152. What is the remainder when 334 is divided by k?
34
Suppose 5*n - 427 = -3*p, 3*n - 3*p - 260 = -p. Calculate the remainder when 515 is divided by n.
85
Suppose -4*d - 4 = -8. Suppose -y = -14 + d. Let l = 22 + 27. Calculate the remainder when l is divided by y.
10
Suppose -5*c + 5 = -4*c + h, -8 = -4*h. Suppose 4*o + 46 - 58 = 0. Calculate the remainder when c is divided by o.
0
Suppose 6 = 4*w - 26. Suppose -67*n + 71*n - 100 = 4*m, -3*n + 83 = -m. What is the remainder when n is divided by w?
5
Suppose 2*q - 4 = 4. Let c be 21/(-2)*q/(-6). Let y = c - -7. What is the remainder when y is divided by 5?
4
Let p(g) = g**3 - 2*g**2 + 7*g - 10. What is the remainder when p(4) is divided by 10?
0
Let w(u) = u**3 - 3*u**2 - 4. Let c be w(3). Let k = c - -9. Suppose -y + k = -13. Calculate the remainder when 52 is divided by y.
16
Let z = 316 - 299. What is the remainder when 62 is divided by z?
11
Let n(p) = p + 1. Let y(f) = -1. Let g(i) = n(i) - 3*y(i). Let a = 177 + -165. Calculate the remainder when g(a) is divided by 5.
1
Let h(k) = -2*k**3 + 11*k**2 - 3*k - 5. Let o be h(5). Suppose 5*r = -2*m + 425, -3*r - 2*r + o*m = -390. Calculate the remainder when r is divided by 28.
27
Let n(a) = -a**3 - 25*a**2 - 27*a - 63. Suppose 0 = 3*s - 5*h - 39 + 2, 0 = 5*s + 2*h - 72. What is the remainder when s is divided by n(-24)?
5
Let v = -1 + 38. Let l = -23 + v. What is the remainder when 54 is divided by l?
12
Calculate the remainder when (2 - 12)*(-3813)/310 is divided by 65.
58
Let l(h) = -4*h**3 - 3*h**2 - 7*h + 6. Calculate the remainder when l(-3) is divided by 8.
4
Suppose -6 = 2*t - 5*t. Suppose -5 + t = -x. Suppose 4*h = -h + x*y + 68, 2*y + 41 = 3*h. What is the remainder when 25 is divided by h?
12
Suppose -3*y - 49 = -3*h - 7, 5*y - 5 = 0. Suppose 4*j = -4, -72 = 3*d - 0*j - 3*j. Let s = 18 - d. What is the remainder when s is divided by h?
13
Let l = 353 - 134. Calculate the remainder when l is divided by 44.
43
Let p(m) = m**3 - 6*m**2 + 9*m - 14. Let c be p(6). Calculate the remainder when 19 is divided by (c/3*108/90)/2.
3
Let q(c) = -c**2 + 19*c - 15. Let i be q(18). Suppose -d + i*d - 204 = -2*h, -3*h = -2*d + 184. Calculate the remainder when d is divided by 20.
18
Let p(j) = -j + 1. Let a = 2 - 0. Let u be p(a). Let y = 18 + u. What is the remainder when 49 is divided by y?
15
Let n(v) = 91*v**2 + 6*v - 2. Calculate the remainder when n(1) is divided by 17.
10
Suppose 0*w + 746 = s + 3*w, 3 = w. Suppose 220 = -11*x + s. What is the remainder when 90 is divided by x?
43
Let y be (10/4)/(1/8). Suppose -4*q = -4*n - y, 4*q + 2*n = 6 + 14. Suppose d - t - 2 = -d, -3*t = -q*d + 4. What is the remainder when d is divided by 2?
0
Let b(a) = a**2 + 5*a - 3. Suppose -4*z - 8 = -5*d + 12, 4*z - 16 = -4*d. Suppose 0 = d*o + 2 - 38. Calculate the remainder when b(-9) is divided by o.
6
Let o(t) = -15*t - 5. Let x(u) = -15*u - 5. Let f(l) = -6*o(l) + 7*x(l). What is the remainder when 148 is divided by f(-2)?
23
Let q(d) = 33*d**2 + 3*d - 23. Let y be q(5). Suppose -2249 = -8*o - y. What is the remainder when o is divided by 46?
41
Let s = 1195 + -1194. Calculate the remainder when s is divided by 1.
0
Let u = 6 + -1. Suppose u*m - 3*m = 48. Calculate the remainder when 640/14 + 1/(35/10) is divided by m.
22
Suppose 130 = 30*z - 25*z. Let p = 29 - z. What is the remainder when 5 is divided by p?
2
Suppose -4*n - 15 = -3*h, -5*h + 7*n + 30 = 2*n. Suppose -4*d + 217 = h. Suppose -t + 54 = 2*t. What is the remainder when d is divided by t?
16
Let m = -5393 + 5412. Calculate the remainder when 73/(-1)*(-1)/1 is divided by m.
16
Let o(k) = -11*k + 1. Let h be o(-4). Let g = 65 + h. Suppose 2*y - 13 = -5*f + 76, g = 5*f - 5*y. Calculate the remainder when f is divided by 10.
9
Suppose -s - 1 = -3. What is the remainder when 64 is divided by (21 - 8) + 0/s?
12
Let m = 81 - 23. Let i = m + -28. What is the remainder when 118 is divided by i?
28
Suppose 0 = 4*z - y - 3, -4 = 4*y - 8. Let g be -5*4/(-4)*z. Suppose -r = -4*l + 3*l + 20, 0 = 3*l - g*r - 54. Calculate the remainder when 44 is divided by l.
21
Suppose -6*o = -9*o + 21. Suppose -d + o*d - 102 = 0. Let z = -95 + 162. What is the remainder when z is divided by d?
16
Suppose 0*v - 12 = -4*v. Suppose x - 6 = -v. Suppose 0 = -x*a + 5*c + 38, 3*a - 2*c = -4*c + 10. Calculate the remainder when 23 is divided by a.
5
Let v(g) = g + 24. Suppose -5*d = -4*a + 3*a - 10, -2*a + 5*d - 10 = 0. Suppose -17 = 14*x - 199. Calculate the remainder when v(a) is divided by x.
11
Suppose b - 1 = 0, 5*z - 67 - 181 = -3*b. Suppose -118 = -2*x - 0*x + 5*p, x - z = 5*p. What is the remainder when x is divided by 12?
9
Let r be 175/(-3) + 16/12. Let i = r - -84. Calculate the remainder when i is divided by 14.
13
Let o(g) = -g**3 - 7*g**2 - 12*g - 2. Suppose -2*y - k - 15 = 0, 4*y - k + 15 = -0*y. What is the remainder when 9 is divided by o(y)?
1
Let x(s) = -9*s + 279. Calculate the remainder when (4/(-2) - 47)*-1 is divided by x(29).
13
Suppose 0 = 31*d - 227 - 517. Calculate the remainder when 63 is divided by d.
15
What is the remainder when (-1)/(3622/(-362) - -10) is divided by 8?
5
Let o = 1 - 32. Let t = -23 - o. What is the remainder when 30 is divided by t?
6
Let w = 35 + -19. Let l(x) = 2*x**3 - 12*x**2 + 11*x - 20. What is the remainder when l(6) is divided by w?
14
Suppose j - 122 = -2*j - y, 0 = 4*j + 5*y - 148. Let z = -55 + 77. Calculate the remainder when j is divided by z.
20
Let q = -17 - -62. Calculate the remainder when 34/(-85) - 894/(-10) is divided by q.
44
Calculate the remainder when 30 is divided 